02853?
2
What is the hundreds digit of 362103835?
8
What is the hundred thousands digit of 14734145?
7
What is the ten thousands digit of 41800957?
0
What is the ten thousands digit of 1953893087?
9
What is the ten millions digit of 2096586267?
9
What is the ten millions digit of 93323437?
9
What is the hundred thousands digit of 170571134?
5
What is the ten millions digit of 366295523?
6
What is the units digit of 1020833219?
9
What is the millions digit of 2103446801?
3
What is the thousands digit of 51835158?
5
What is the thousands digit of 602486570?
6
What is the thousands digit of 64984504?
4
What is the ten thousands digit of 338409704?
0
What is the ten millions digit of 318973913?
1
What is the ten millions digit of 1853463457?
5
What is the ten millions digit of 490473753?
9
What is the hundreds digit of 946712440?
4
What is the hundred thousands digit of 10023231?
0
What is the ten millions digit of 745886974?
4
What is the ten millions digit of 1926988559?
2
What is the tens digit of 142728995?
9
What is the hundred thousands digit of 678287472?
2
What is the thousands digit of 87715350?
5
What is the units digit of 74066137?
7
What is the hundreds digit of 1928404539?
5
What is the ten millions digit of 99910753?
9
What is the ten thousands digit of 1804926042?
2
What is the millions digit of 74069483?
4
What is the ten thousands digit of 5041460991?
6
What is the ten thousands digit of 314252637?
5
What is the ten thousands digit of 6040204?
4
What is the ten thousands digit of 24318184?
1
What is the hundred millions digit of 403530072?
4
What is the ten millions digit of 270898628?
7
What is the ten millions digit of 37404041?
3
What is the tens digit of 262090741?
4
What is the millions digit of 277727705?
7
What is the thousands digit of 601504032?
4
What is the thousands digit of 84208273?
8
What is the units digit of 71157661?
1
What is the hundred millions digit of 322472277?
3
What is the hundred millions digit of 418578760?
4
What is the hundred millions digit of 3410948803?
4
What is the units digit of 57187121?
1
What is the tens digit of 306324394?
9
What is the hundred thousands digit of 80649436?
6
What is the ten thousands digit of 15216368?
1
What is the millions digit of 54527204?
4
What is the ten millions digit of 21368421?
2
What is the hundred thousands digit of 46745546?
7
What is the millions digit of 361952345?
1
What is the thousands digit of 47170162?
0
What is the tens digit of 62104345?
4
What is the thousands digit of 225644647?
4
What is the millions digit of 12248188?
2
What is the tens digit of 65875885?
8
What is the hundred millions digit of 807255591?
8
What is the hundreds digit of 773136820?
8
What is the hundreds digit of 3328878115?
1
What is the millions digit of 948020101?
8
What is the hundred thousands digit of 26896208?
8
What is the units digit of 514493513?
3
What is the tens digit of 334503730?
3
What is the units digit of 50091621?
1
What is the ten millions digit of 1320392433?
2
What is the thousands digit of 5114806808?
6
What is the hundred thousands digit of 824419407?
4
What is the millions digit of 194676134?
4
What is the thousands digit of 398787889?
7
What is the hundred millions digit of 300690125?
3
What is the hundreds digit of 1448153450?
4
What is the ten thousands digit of 23769502?
6
What is the millions digit of 6115680084?
5
What is the ten millions digit of 201633239?
0
What is the millions digit of 102045390?
2
What is the thousands digit of 31867146?
7
What is the ten thousands digit of 44746325?
4
What is the ten thousands digit of 650334497?
3
What is the tens digit of 81012793?
9
What is the thousands digit of 125349061?
9
What is the hundred thousands digit of 175958931?
9
What is the hundred millions digit of 612771127?
6
What is the units digit of 331202108?
8
What is the ten thousands digit of 314492183?
9
What is the ten millions digit of 106751818?
0
What is the millions digit of 82362403?
2
What is the tens digit of 9356274348?
4
What is the units digit of 140249313?
3
What is the hundred thousands digit of 157199469?
1
What is the units digit of 3189605164?
4
What is the hundred millions digit of 201238277?
2
What is the tens digit of 15257820?
2
What is the tens digit of 1258884728?
2
What is the tens digit of 136601707?
0
What is the ten thousands digit of 4487753732?
5
What is the hundred thousands digit of 180375387?
3
What is the hundred thousands digit of 187343637?
3
What is the ten millions digit of 170547783?
7
What is the hundred thousands digit of 32156783?
1
What is the hundred thousands digit of 1211231318?
2
What is the tens digit of 179899807?
0
What is the ten millions digit of 63129973?
6
What is the ten millions digit of 14550665?
1
What is the tens digit of 30941119?
1
What is the millions digit of 3255650632?
5
What is the millions digit of 322699573?
2
What is the hundreds digit of 1913988761?
7
What is the millions digit of 202799555?
2
What is the hundred thousands digit of 705779766?
7
What is the hundreds digit of 1683101856?
8
What is the hundreds digit of 8491121?
1
What is the units digit of 228857366?
6
What is the hundreds digit of 1364247984?
9
What is the tens digit of 765486465?
6
What is the thousands digit of 1074814370?
4
What is the hundreds digit of 3360678409?
4
What is the billions digit of 4144078049?
4
What is the ten thousands digit of 65807069?
0
What is the hundred millions digit of 3538835439?
5
What is the units digit of 229127742?
2
What is the ten thousands digit of 5375610?
7
What is the ten millions digit of 318944128?
1
What is the hundreds digit of 48169594?
5
What is the hundreds digit of 45469484?
4
What is the ten thousands digit of 41177643?
7
What is the ten millions digit of 546913295?
4
What is the hundred millions digit of 102188229?
1
What is the hundred millions digit of 1029434668?
0
What is the hundreds digit of 25779926?
9
What is the hundred millions digit of 127487071?
1
What is the thousands digit of 917847?
7
What is the ten thousands digit of 332793649?
9
What is the ten millions digit of 3040815989?
4
What is the millions digit of 1384605108?
4
What is the tens digit of 2238085204?
0
What is the ten millions digit of 715810976?
1
What is the thousands digit of 19194266?
4
What is the ten millions digit of 4128829769?
2
What is the hundreds digit of 14805493?
4
What is the hundred thousands digit of 49796043?
7
What is the hundred millions digit of 800743030?
8
What is the ten millions digit of 319010080?
1
What is the units digit of 909821425?
5
What is the hundred millions digit of 2674043997?
6
What is the thousands digit of 342916348?
6
What is the ten millions digit of 2689225640?
8
What is the hundred millions digit of 136333442?
1
What is the hundreds digit of 4889485539?
5
What is the thousands digit of 383636651?
6
What is the tens digit of 2146931102?
0
What is the hundred thousands digit of 2383394956?
3
What is the tens digit of 112526781?
8
What is the billions digit of 1193785171?
1
What is the hundreds digit of 2305349977?
9
What is the hundreds digit of 760189092?
0
What is the ten thousands digit of 13915792?
1
What is the units digit of 317937756?
6
What is the hundreds digit of 62946678?
6
What is the thousands digit of 42255078?
5
What is the tens digit of 12876669?
6
What is the millions digit of 831209718?
1
What is the hundred thousands digit of 27837670?
8
What is the millions digit of 60018473?
0
What is the hundreds digit of 152158494?
4
What is the units digit of 89256805?
5
What is the tens digit of 351981334?
3
What is the ten millions digit of 398624521?
9
What is the hundred thousands digit of 369325251?
3
What is the millions digit of 239326526?
9
What is the thousands digit of 388880526?
0
What is the ten thousands digit of 146556358?
5
What is the hundred millions digit of 506001736?
5
What is the hundreds digit of 618008565?
5
What is the tens digit of 167207512?
1
What is the units digit of 673234469?
9
What is the units digit of 430143473?
3
What is the millions digit of 1328279145?
8
What is the ten thousands digit of 1270422732?
2
What is the billions digit of 1162781682?
1
What is the ten thousands digit of 758509295?
0
What is the ten